What is the ten thousands digit of 16191?
1
What is the hundreds digit of 2317?
3
What is the thousands digit of 1979?
1
What is the thousands digit of 2480?
2
What is the thousands digit of 1684?
1
What is the ten thousands digit of 90871?
9
What is the thousands digit of 5154?
5
What is the tens digit of 454?
5
What is the units digit of 398?
8
What is the tens digit of 11836?
3
What is the tens digit of 20019?
1
What is the hundreds digit of 13729?
7
What is the hundreds digit of 756?
7
What is the tens digit of 2883?
8
What is the hundreds digit of 147?
1
What is the units digit of 1852?
2
What is the tens digit of 5759?
5
What is the hundreds digit of 152365?
3
What is the units digit of 161063?
3
What is the tens digit of 7626?
2
What is the units digit of 606?
6
What is the thousands digit of 7543?
7
What is the tens digit of 8229?
2
What is the units digit of 998?
8
What is the hundreds digit of 32160?
1
What is the units digit of 160248?
8
What is the tens digit of 513?
1
What is the units digit of 36406?
6
What is the thousands digit of 68082?
8
What is the units digit of 5531?
1
What is the hundreds digit of 964?
9
What is the tens digit of 20614?
1
What is the units digit of 349?
9
What is the tens digit of 691?
9
What is the tens digit of 2928?
2
What is the hundreds digit of 39692?
6
What is the hundreds digit of 5131?
1
What is the tens digit of 54742?
4
What is the units digit of 9283?
3
What is the tens digit of 16232?
3
What is the ten thousands digit of 32547?
3
What is the tens digit of 69999?
9
What is the hundreds digit of 1410?
4
What is the tens digit of 7140?
4
What is the hundreds digit of 1545?
5
What is the tens digit of 1171?
7
What is the tens digit of 1615?
1
What is the units digit of 84?
4
What is the hundreds digit of 34063?
0
What is the thousands digit of 13771?
3
What is the hundreds digit of 71292?
2
What is the tens digit of 1094?
9
What is the tens digit of 894?
9
What is the units digit of 1995?
5
What is the thousands digit of 2698?
2
What is the ten thousands digit of 29610?
2
What is the hundreds digit of 32140?
1
What is the thousands digit of 4523?
4
What is the hundreds digit of 773?
7
What is the thousands digit of 32396?
2
What is the tens digit of 603?
0
What is the thousands digit of 5545?
5
What is the tens digit of 2102?
0
What is the units digit of 1426?
6
What is the tens digit of 4730?
3
What is the thousands digit of 5139?
5
What is the ten thousands digit of 14697?
1
What is the thousands digit of 1188?
1
What is the hundreds digit of 2596?
5
What is the hundreds digit of 54952?
9
What is the tens digit of 688?
8
What is the units digit of 72?
2
What is the thousands digit of 79280?
9
What is the units digit of 23?
3
What is the ten thousands digit of 79307?
7
What is the units digit of 1103?
3
What is the hundreds digit of 39237?
2
What is the tens digit of 29366?
6
What is the hundreds digit of 56695?
6
What is the hundreds digit of 1462?
4
What is the tens digit of 1224?
2
What is the units digit of 9329?
9
What is the tens digit of 2590?
9
What is the hundreds digit of 3195?
1
What is the units digit of 66?
6
What is the units digit of 40704?
4
What is the ten thousands digit of 78304?
7
What is the units digit of 7003?
3
What is the tens digit of 10440?
4
What is the hundreds digit of 39915?
9
What is the hundreds digit of 8987?
9
What is the units digit of 824?
4
What is the units digit of 25838?
8
What is the hundreds digit of 3458?
4
What is the tens digit of 10261?
6
What is the ten thousands digit of 22153?
2
What is the thousands digit of 3752?
3
What is the thousands digit of 7967?
7
What is the thousands digit of 78971?
8
What is the tens digit of 980?
8
What is the tens digit of 1697?
9
What is the hundreds digit of 1627?
6
What is the units digit of 70308?
8
What is the ten thousands digit of 21308?
2
What is the units digit of 587?
7
What is the tens digit of 916?
1
What is the units digit of 740?
0
What is the units digit of 949?
9
What is the tens digit of 17672?
7
What is the tens digit of 6285?
8
What is the thousands digit of 8200?
8
What is the tens digit of 4126?
2
What is the hundreds digit of 42670?
6
What is the hundreds digit of 1130?
1
What is the tens digit of 677?
7
What is the thousands digit of 2693?
2
What is the tens digit of 135343?
4
What is the thousands digit of 4932?
4
What is the units digit of 1428?
8
What is the tens digit of 2649?
4
What is the tens digit of 914?
1
What is the tens digit of 3033?
3
What is the units digit of 6274?
4
What is the hundreds digit of 9213?
2
What is the thousands digit of 7388?
7
What is the tens digit of 343?
4
What is the tens digit of 116?
1
What is the thousands digit of 18245?
8
What is the tens digit of 5442?
4
What is the hundreds digit of 640?
6
What is the thousands digit of 1494?
1
What is the hundreds digit of 407?
4
What is the tens digit of 35463?
6
What is the units digit of 22054?
4
What is the hundreds digit of 68069?
0
What is the units digit of 2723?
3
What is the ten thousands digit of 27813?
2
What is the hundreds digit of 82806?
8
What is the hundreds digit of 197?
1
What is the thousands digit of 15548?
5
What is the hundreds digit of 35545?
5
What is the hundreds digit of 4276?
2
What is the tens digit of 645?
4
What is the units digit of 827?
7
What is the tens digit of 18190?
9
What is the ten thousands digit of 11067?
1
What is the thousands digit of 1951?
1
What is the ten thousands digit of 15587?
1
What is the hundreds digit of 2613?
6
What is the hundreds digit of 20542?
5
What is the thousands digit of 33624?
3
What is the tens digit of 84308?
0
What is the ten thousands digit of 142815?
4
What is the ten thousands digit of 133391?
3
What is the units digit of 2436?
6
What is the thousands digit of 24810?
4
What is the hundreds digit of 139?
1
What is the thousands digit of 17426?
7
What is the thousands digit of 10726?
0
What is the tens digit of 41249?
4
What is the hundreds digit of 5340?
3
What is the thousands digit of 2191?
2
What is the ten thousands digit of 10457?
1
What is the hundreds digit of 9999?
9
What is the hundred thousands digit of 100225?
1
What is the tens digit of 10264?
6
What is the hundreds digit of 1162?
1
What is the hundreds digit of 848?
8
What is the hundreds digit of 1235?
2
What is the tens digit of 32206?
0
What is the thousands digit of 1413?
1
What is the units digit of 77241?
1
What is the hundreds digit of 11301?
3
What is the hundred thousands digit of 156886?
1
What is the tens digit of 17317?
1
What is the units digit of 9928?
8
What is the ten thousands digit of 51748?
5
What is the tens digit of 33964?
6
What is the thousands digit of 80066?
0
What is the units digit of 535?
5
What is the units digit of 23434?
4
What is the hundreds digit of 202?
2
What is the thousands digit of 8660?
8
What is the tens digit of 1304?
0
What is the units digit of 1245?
5
What is the hundreds digit of 159?
1
What is the tens digit of 4194?
9
What is the units digit of 167581?
1
What is the hundreds digit of 34610?
6
What is the hundreds digit of 4126?
1
What is the tens digit of 1081?
8
What is the hundreds digit of 10092?
0
What is the hundreds digit of 1979?
9
What is the units digit of 6587?
7
What is the hundreds digit of 6999?
9
What is the hundreds digit of 4056?
0
What is the ten thousands digit of 54452?
5
What is the units digit of 745?
5
What is the units digit of 854?
4
What is the hundreds digit of 152?
1
What is the units digit of 2940?
0
What is the tens digit of 150990?
9
What is the ten thousands digit of 50829?
5
What is the hundreds digit of 663?
6
What is the tens digit of 11292?
9
What is the units digit of 402?
2
What is the thousands digit of 9148?
9
What is the tens digit of 6916?
1
What is the hundreds digit of 5141?
1
What is the ten thousands digit of 10896?
1
What is the units digit of 20019?
9
What is the hundreds digit of 741?
7
What is the units digit of 38741?
1
What is the thousands digit of 37590?
7
What is the thousands digit of 3006?
3
What is the tens digit of 50?
5
What is the tens digit of 63438?
3
What is the thousands digit of 6980?
6
What is the hundreds digit of 117915?
9
What is the tens digit of 25524?
2
What is t